{"id":146,"date":"2025-05-23T10:54:17","date_gmt":"2025-05-23T13:54:17","guid":{"rendered":"http:\/\/localhost\/stock\/?page_id=146"},"modified":"2025-07-14T14:48:48","modified_gmt":"2025-07-14T17:48:48","slug":"visitas-tecnicas","status":"publish","type":"page","link":"https:\/\/wanessarodrigues.com\/client\/stock\/sobre\/visitas-tecnicas\/","title":{"rendered":"Visitas t\u00e9cnicas"},"content":{"rendered":"\n<h2 class=\"wp-block-heading\" style=\"font-size:clamp(1.502rem, 1.502rem + ((1vw - 0.2rem) * 1.636), 2.5rem);line-height:1.2\"><strong>Agende sua visita t\u00e9cnica gratuita<\/strong><\/h2>\n\n\n\n<p>Sabemos que a escolha do equipamento ideal para o seu trabalho vai al\u00e9m de uma simples compra. Escolher o equipamento certo faz toda a diferen\u00e7a e te ajudamos com isso.<\/p>\n\n\n\n<p><strong>Na STOCK Equipamentos, oferecemos uma consultoria t\u00e9cnica gratuita com nosso Desenvolvedor de Produtos<\/strong>, um especialista que vai at\u00e9 a sua empresa para entender as suas necessidades e indicar as melhores solu\u00e7\u00f5es em m\u00e1quinas, ferramentas e EPIs.<\/p>\n\n\n\n<p>Com foco em custo-benef\u00edcio e especifica\u00e7\u00f5es t\u00e9cnicas, nosso atendimento \u00e9 personalizado e pensado para garantir a melhor escolha para o seu neg\u00f3cio.<\/p>\n\n\n\n<p>Agende uma visita t\u00e9cnica e veja como nosso suporte pode transformar a sua compra em um investimento mais seguro e eficiente.<\/p>\n\n\n\n<p><strong>Fale com a gente e marque sua consultoria!<\/strong><\/p>\n","protected":false},"excerpt":{"rendered":"<p>Agende sua visita t\u00e9cnica gratuita Sabemos que a escolha do equipamento ideal para o seu trabalho vai al\u00e9m de uma simples compra. Escolher o equipamento certo faz toda a diferen\u00e7a e te ajudamos com isso. Na STOCK Equipamentos, oferecemos uma consultoria t\u00e9cnica gratuita com nosso Desenvolvedor de Produtos, um especialista que vai at\u00e9 a sua <a href=\"https:\/\/wanessarodrigues.com\/client\/stock\/sobre\/visitas-tecnicas\/\" class=\"more-link\">&#8230;<span class=\"screen-reader-text\">  Visitas t\u00e9cnicas<\/span><\/a><\/p>\n","protected":false},"author":1,"featured_media":0,"parent":125,"menu_order":0,"comment_status":"closed","ping_status":"closed","template":"page-visita.php","meta":{"_acf_changed":false,"footnotes":""},"class_list":["post-146","page","type-page","status-publish","hentry"],"acf":[],"_links":{"self":[{"href":"https:\/\/wanessarodrigues.com\/client\/stock\/wp-json\/wp\/v2\/pages\/146","targetHints":{"allow":["GET"]}}],"collection":[{"href":"https:\/\/wanessarodrigues.com\/client\/stock\/wp-json\/wp\/v2\/pages"}],"about":[{"href":"https:\/\/wanessarodrigues.com\/client\/stock\/wp-json\/wp\/v2\/types\/page"}],"author":[{"embeddable":true,"href":"https:\/\/wanessarodrigues.com\/client\/stock\/wp-json\/wp\/v2\/users\/1"}],"replies":[{"embeddable":true,"href":"https:\/\/wanessarodrigues.com\/client\/stock\/wp-json\/wp\/v2\/comments?post=146"}],"version-history":[{"count":6,"href":"https:\/\/wanessarodrigues.com\/client\/stock\/wp-json\/wp\/v2\/pages\/146\/revisions"}],"predecessor-version":[{"id":166,"href":"https:\/\/wanessarodrigues.com\/client\/stock\/wp-json\/wp\/v2\/pages\/146\/revisions\/166"}],"up":[{"embeddable":true,"href":"https:\/\/wanessarodrigues.com\/client\/stock\/wp-json\/wp\/v2\/pages\/125"}],"wp:attachment":[{"href":"https:\/\/wanessarodrigues.com\/client\/stock\/wp-json\/wp\/v2\/media?parent=146"}],"curies":[{"name":"wp","href":"https:\/\/api.w.org\/{rel}","templated":true}]}}